) = f**2 + 10*f - 2. Let m be o(-10). Let r(k) = 7*k**2 + 15*k - 3. Let h(w) = m*r(w) - 5*u(w). Give h(-4).
-3
Let h(q) = -12 - q - 7 - 5*q + 4*q. Determine h(-11).
3
Let j(t) = -t**2 + 9*t + 12. Let o be j(10). Let i(a) = -3*a**o + 22*a + 7 - 20*a - 5. Give i(2).
-6
Suppose -l = 4*a + 8, 2*l - 3*a - 20 = -80. Let m = -3 - l. Suppose 2*b - m = 5*b. Let s(i) = -2*i - 7. What is s(b)?
7
Let i = -121 + 119. Let k(t) = -3*t**3 - 3*t**2 - 2*t - 1. Calculate k(i).
15
Let x(o) = -o**3 + 7*o**2 - 6*o + 7. Let j(m) = 2*m**3 - 15*m**2 + 12*m - 14. Let b(q) = 2*j(q) + 5*x(q). Let h be b(3). Let g(l) = l. Give g(h).
7
Let n(y) be the first derivative of y**5/10 - y**3/6 - 6*y - 15. Let d(x) be the first derivative of n(x). Calculate d(-1).
-1
Suppose 0 = -2*x - 0*r + r + 3, -4*x - 3*r + 31 = 0. Suppose 2*i + o + x*o = 3, 3 = -i + 2*o. Let b(y) = -2*y**2 - y - 1. Calculate b(i).
-2
Let i(o) be the second derivative of 0*o**3 - 1/2*o**2 - 14*o + 0 - 1/2*o**4. Give i(-2).
-25
Let k(o) = -o + 9. Suppose 3*g + g - 14 = 3*v, -3*g + 12 = -3*v. Suppose -4*i = -5*b - 1, -3*i + 8 + 10 = g*b. Give k(i).
5
Let j(w) be the third derivative of w**4/24 + w**3/6 + 8*w**2 - 3. Calculate j(3).
4
Suppose 6*c = 3*c + 30. Let i(b) = -c - b**3 - 2*b**3 - 4*b**2 + 2*b**3 - 2*b + 4. Let k be (-4)/(-1 + -1 + 3). Give i(k).
2
Suppose 2*l = 5*s - 95, 3*l - 111 = -3*s - 33. Let j = 23 - s. Let v(b) = 3 + b + j - 6. Calculate v(8).
7
Let t(n) = 2*n**3 - 75*n**2 + 34*n + 104. Let d be t(37). Suppose 2*x + 6 = 14. Let k(h) = -h - 1 + x + 0. Give k(d).
10
Let f(n) = 3*n - 6*n - n**2 + 4 + 1. Let v = -69 - -61. Let t be (8/10)/(-1 - v/10). Give f(t).
1
Let z(m) = -2*m - 10. Let l(q) = -q - 10. Let c = 2 + 1. Let y(t) = c*l(t) - 2*z(t). Give y(8).
-2
Let g = -910 + 915. Let m(y) = -4*y + 6. What is m(g)?
-14
Let f(p) = -p**3 + 2*p**2 + 3*p. Let b be f(3). Let d be ((-30)/9 + 4)*(1 + 20). Let u(x) = -x**2 - 8 - x + d + x. Determine u(b).
6
Let m(f) be the first derivative of f**2/2 - 11*f - 168. Let l be (-325)/(-45) - 2/9. Calculate m(l).
-4
Let u(c) = 3*c**2 + 12*c - 1. Let t(w) = -w**2 - 6*w. Suppose -2*s - 12 = -8*s. Let l(g) = s*u(g) + 5*t(g). What is l(6)?
-2
Let u = 482 + -479. Let v(m) be the second derivative of -m**5/20 + 5*m**4/12 - m**3/2 - 2*m**2 + m. Calculate v(u).
5
Let n(t) = t - 3. Let l be (-4)/6 + 34/(-3). Let c = l - -15. Suppose c = y - 0. Determine n(y).
0
Let u = -45 - -35. Let h = u + 10. Let y(d) = d - 8. What is y(h)?
-8
Let x(o) = -6*o + 1. Let d(f) = -f**3 + 10*f**2 - f + 14. Let s = 4 - -6. Let u be d(s). Suppose 8*c - u*c - 3*b + 19 = 0, 2*c - 3 = -b. Determine x(c).
7
Let a be -6 + ((-1910)/(-210) - 6/63). Let d(m) be the third derivative of 5/6*m**a - 10*m**2 + 1/120*m**6 - 1/10*m**5 + 1/6*m**4 + 0*m + 0. What is d(5)?
0
Let m(o) = -4*o - 20. Let j be 26/(-5) + (-638)/110 + 6. Calculate m(j).
0
Let b(f) be the third derivative of 0*f - 1/24*f**4 + 8*f**2 + 2/3*f**3 + 0. Calculate b(8).
-4
Let x(q) be the third derivative of q**6/90 - q**3/3 + 8*q**2. Let p(z) be the first derivative of x(z). Let b be (1 + -1)/1 + -1. Calculate p(b).
4
Let x(i) = 2*i**2 - 6*i + 8. Let m be x(2). Let y(a) = 5*a - 14. What is y(m)?
6
Let m(d) = d**3 + 6*d**2 - 3*d - 7. Let v be (6/(-6) + 2)*-5. What is m(v)?
33
Let h(j) be the third derivative of -j**5/60 + j**4/4 - j**3/3 + j**2. Let m = -475 - -478. Calculate h(m).
7
Let h(b) = b**3 + b**2 - b. Let g = 311 - 310. Calculate h(g).
1
Let k(a) be the second derivative of -a**4/8 + 7*a**3/6 - 9*a**2/2 + 11*a. Let g(f) be the first derivative of k(f). Calculate g(5).
-8
Let s be 1*(3 - (-45)/(-3)). Let y = s + 14. Let m(x) = -2*x + 0*x - 3*x**y + x**2 + x**2. What is m(-3)?
-3
Suppose -4*j + 5*i - 31 = 0, 0 = j + j + 4*i - 4. Let w be (2/4)/(2/j). Let u(f) be the second derivative of 4*f**3/3 + f**2/2 - 8*f. What is u(w)?
-7
Let v(m) be the first derivative of m**2/2 - 3*m + 231. Give v(-2).
-5
Let u(t) be the second derivative of 2*t**7/315 - t**5/120 - 9*t**4/4 + 26*t. Let h(x) be the third derivative of u(x). Determine h(1).
15
Let c(s) = s**2 - 4. Let g be c(-3). Let q(m) = -2*m - 3*m - g*m**2 + 2 + 4*m**2. Suppose 0 = 4*v + 15 + 1. Determine q(v).
6
Let g(u) = -13*u - 2. Let o(r) = 11*r + 2. Let f(v) = -5*g(v) - 6*o(v). What is f(-6)?
4
Let d = -2189 + 2184. Let h(z) = 6*z + 39. Give h(d).
9
Let f(k) = k**2 - 4*k + 3. Let r be (7 - 3)*(1 + 0). What is f(r)?
3
Let f(i) be the third derivative of -i**5/60 + i**4/2 + i**3 - 53*i**2. Give f(13).
-7
Let x(b) be the third derivative of b**6/120 + b**5/5 + 11*b**4/24 + 13*b**3/6 + 11*b**2 - 18*b. What is x(-11)?
13
Let g(y) = y**2 + y**3 + 0 - 5*y**2 + 5*y + 4 - 3 - 4*y. What is g(3)?
-5
Let p(g) = g. Suppose 6*m + 15 = m. Let a be p(m). Let f(h) = h - 6 - 2*h + 2. Calculate f(a).
-1
Let s(t) be the first derivative of t**2/2 - 15. Suppose 0 = 9*d - 4*d. What is s(d)?
0
Let n(q) = -q**3 + 13*q**2 + 10*q - 4. Let d(z) = -3*z**3 + 41*z**2 + 29*z - 13. Let u(p) = 2*d(p) - 7*n(p). Calculate u(10).
-18
Let s(g) be the second derivative of -1/2*g**3 + 0 - 7/2*g**2 + 1/12*g**4 + 16*g. Let w(x) = 2*x - 5. Let i be w(5). Give s(i).
3
Let j(h) = 2315*h**2 - 2316*h**2 + 14*h - 34 - h. Determine j(6).
8
Let r(d) = -7*d - 3. Let k(c) = -8*c - 3. Let h(y) = -3*k(y) + 2*r(y). Let f(g) = 9 + 0*g - 2 + 20*g. Let m(i) = 4*f(i) - 9*h(i). What is m(1)?
-9
Let v(s) = -s**3 - 4*s**2 - 2*s - 6. Let t = 184 - 188. Determine v(t).
2
Let j(y) = -5*y - 2. Let x(r) be the second derivative of -r**3 - r**2 - 22*r. Let o(q) = 7*j(q) - 6*x(q). Calculate o(3).
1
Let p(f) = -30*f + 33. Let w(m) = -7*m + 8. Let u(b) = 5*p(b) - 21*w(b). Determine u(-5).
12
Let l(k) = -2*k - 23. Let v(p) be the third derivative of p**4/24 + 2*p**3 - 14*p**2. Let x(j) = 4*l(j) + 7*v(j). What is x(-5)?
-3
Let j(p) = p**3 - p**2 + 5. Suppose -4*f + 5*t = -20, -12 = 2*f + 5*t + 8. What is j(f)?
5
Let g = 123 + -125. Let m(t) = -3*t**2 + 2. Determine m(g).
-10
Let k(v) be the second derivative of -v**5/20 - v**3/3 + 13*v**2/2 - 3*v + 43. Determine k(0).
13
Let m be 8/(6/(-8)*4/(-6)). Suppose 2*f + 0*c = -5*c + m, -3*f + 4*c = 22. Let z(v) = 2*v**2 - 2*v - 3. What is z(f)?
9
Suppose -4*m + 52 = 2*l, 2*l + 43 = 4*l + m. Let s = 20 - l. Let c(j) = j + 5. Determine c(s).
5
Let c(y) be the third derivative of y**6/30 + y**5/60 - 210*y**2. What is c(-1)?
-3
Suppose 6 = -p - 7. Let u be (-6)/(-4)*(-11 - p). Let j(f) = 2*f - f**2 + 14*f**u + f**2 - 2*f**2 - 1. Calculate j(1).
13
Let h(o) = 4*o + 9. Let a be h(5). Suppose z - 3*i = 2*i - 14, -3*z - a = -2*i. Let k = z + 10. Let v(r) = 4*r. Give v(k).
4
Let w(o) = 2*o**2 - 8*o + 2. Let n be w(4). Let t(h) = -n*h**3 - 6*h - 8*h**2 + 0*h**3 - 8*h**3 + 9*h**3 + 2. Calculate t(-7).
-5
Let k(a) = -2*a + 3. Let y = 25 - 24. Let z(w) = 1. Let s(h) = y*k(h) + 4*z(h). Give s(-5).
17
Let k(i) = -i + 4. Let x(o) = 2*o**2 - 39*o + 22. Let m be x(19). Let b = m + 1. Determine k(b).
0
Let l(z) be the first derivative of z**4/4 + 10*z**3/3 + z**2/2 + 13*z - 109. Calculate l(-10).
3
Suppose 4*l - 16 = 3*l + 5*s, -4*l + 3*s + 30 = 0. Let c(n) = 7*n - 3. Let g(t) = 13*t - 6. Let h(r) = l*g(r) - 11*c(r). Determine h(-6).
-9
Let d(u) = 2 + 3*u - 44*u**2 + 0 + 43*u**2. Suppose -s = -5*s + 12. Suppose 5*o + s*j = 0, -3*j = -2*j + 5. Determine d(o).
2
Suppose 8 = 4*a - 8. Let f(q) = 2*q - 4*q**2 + q + 6*q**2 - a. Determine f(-3).
5
Let d(s) = -23*s**2 + 5*s**3 - 5*s**3 + s**3 - 20 - 23*s. Let n be d(24). Let h(k) = -2*k**2 + 6*k - 3. What is h(n)?
-11
Let x(h) = 1 - 2*h - 16*h + 3*h. Let m = -29 - -30. Calculate x(m).
-14
Let v(n) = 20*n. Let h be v(1). Suppose -3*o + h = 2*o. Suppose 4 = -o*a - 4. Let g(q) = -2*q**3 - 2*q**2 - q + 1. Give g(a).
11
Suppose -2 = p - 4. Let z = p - -2. Let o(h) = 8 + 2*h**3 + 3*h + 7 + 4*h**2 - 3*h**3 - 14. Determine o(z).
13
Let b(h) = -11*h - 2. Let l = -2 - -1. Let i be b(l). Let z(j) = j**2 - 10*j + 5. Calculate z(i).
-4
Let r(l) = 41*l + 52. Let f(i) = 14*i + 17. Let a(k) = 11*f(k) - 4*r(k). Let t(s) = 2*s + 4. Let d(b) = 4*a(b) + 22*t(b). What is d(-2)?
-4
Let t(v) = -v**2 - 7*v + 6. Let m be t(-7). Suppose f + 16 = 4*o, -10 - 12 = -2*o + 4*f. Let u(z) = 17*z**o + z**3 + 2*z**2 - m*z**3 - 1. Give u(-1).
-11
Let m(f) = -138*f + 4 + 136*f - 7. Give m(-3).
3
Let r(p) = -3*p - 3. Let